{"id":688,"date":"2022-12-11T10:37:50","date_gmt":"2022-12-11T09:37:50","guid":{"rendered":"https:\/\/vielskervin.dk\/?post_type=product&#038;p=688"},"modified":"2022-12-14T14:01:16","modified_gmt":"2022-12-14T13:01:16","slug":"chateauneuf-du-pape-rouge-chateau-de-vaudieu-2016","status":"publish","type":"product","link":"https:\/\/vielskervin.dk\/?product=chateauneuf-du-pape-rouge-chateau-de-vaudieu-2016","title":{"rendered":"Ch\u00e2teauneuf du Pape Rouge Ch\u00e2teau de Vaudieu &#8211; 2016"},"content":{"rendered":"<p>Elegant Ch\u00e2teauneuf-du-Pape Rouge med en indtagende duft af modne solb\u00e6r og hindb\u00e6r. Vinen er lavet p\u00e5 75% Grenache og 25% Syrah, hvilket giver en stor og fyldig smag strejf af kakao og m\u00f8rke b\u00e6r.<\/p>\n<p><strong>Anmeldelser:<\/strong><br \/>\nAlt om vin: 5 Stjerner<br \/>\nB\u00f8rsen: 5 Stjerner<br \/>\nBerlingske: 5 Stjerner<br \/>\nJebDunnuck.com: 91 Point<br \/>\nJyllands Posten: 91 Point<\/p>\n","protected":false},"excerpt":{"rendered":"<table border=\"0\" width=\"100%\" cellspacing=\"1\" cellpadding=\"1\">\n<tbody>\n<tr>\n<td bgcolor=\"#BA933E\"><span style=\"color: #ffffff;\">Pris ved 6 stk.<b> 299,00 kr.<\/b><\/span><\/td>\n<\/tr>\n<\/tbody>\n<\/table>\n","protected":false},"featured_media":689,"template":"","meta":[],"product_brand":[],"product_cat":[17],"product_tag":[],"class_list":{"0":"post-688","1":"product","2":"type-product","3":"status-publish","4":"has-post-thumbnail","6":"product_cat-roedvin","8":"first","9":"instock","10":"taxable","11":"shipping-taxable","12":"purchasable","13":"product-type-simple"},"tiered_pricing_type":"fixed","tiered_pricing_fixed_rules":{"6":299},"tiered_pricing_product_settings":{"layout":"default","base_unit_name":{"singular":null,"plural":null},"default_variation":null},"tiered_pricing_minimum_quantity":null,"tiered_pricing_roles_data":[],"tiered_pricing_percentage_rules":[],"_links":{"self":[{"href":"https:\/\/vielskervin.dk\/index.php?rest_route=\/wp\/v2\/product\/688","targetHints":{"allow":["GET"]}}],"collection":[{"href":"https:\/\/vielskervin.dk\/index.php?rest_route=\/wp\/v2\/product"}],"about":[{"href":"https:\/\/vielskervin.dk\/index.php?rest_route=\/wp\/v2\/types\/product"}],"wp:featuredmedia":[{"embeddable":true,"href":"https:\/\/vielskervin.dk\/index.php?rest_route=\/wp\/v2\/media\/689"}],"wp:attachment":[{"href":"https:\/\/vielskervin.dk\/index.php?rest_route=%2Fwp%2Fv2%2Fmedia&parent=688"}],"wp:term":[{"taxonomy":"product_brand","embeddable":true,"href":"https:\/\/vielskervin.dk\/index.php?rest_route=%2Fwp%2Fv2%2Fproduct_brand&post=688"},{"taxonomy":"product_cat","embeddable":true,"href":"https:\/\/vielskervin.dk\/index.php?rest_route=%2Fwp%2Fv2%2Fproduct_cat&post=688"},{"taxonomy":"product_tag","embeddable":true,"href":"https:\/\/vielskervin.dk\/index.php?rest_route=%2Fwp%2Fv2%2Fproduct_tag&post=688"}],"curies":[{"name":"wp","href":"https:\/\/api.w.org\/{rel}","templated":true}]}}