{"id":420,"date":"2022-12-07T14:28:54","date_gmt":"2022-12-07T13:28:54","guid":{"rendered":"https:\/\/vielskervin.dk\/?post_type=product&#038;p=420"},"modified":"2022-12-14T14:02:02","modified_gmt":"2022-12-14T13:02:02","slug":"barolo-trediberri-2013","status":"publish","type":"product","link":"https:\/\/vielskervin.dk\/?product=barolo-trediberri-2013","title":{"rendered":"Barolo Trediberri \u00d8kologisk &#8211; 2013"},"content":{"rendered":"<p>Trediberri Barolo repr\u00e6senterer det mest klassiske og traditionelle udtryk for en Barolo fra den vestligste del af La Morra. Markerne ligger i 350-400 m h\u00f8jde og den kalkholdige jord er her fuld af flodsten og grus &#8211; et s\u00e6rlige terroir, der g\u00f8r at her handler alt om elegance og finesse og ikke om fylde og ekstrakt.<\/p>\n<p>Kompleksiteten i denne klassiske Barolo skinner igennem allerede i duften hvor noter af lakrids, roser, viol m\u00f8der strejf af balsamico og bergamotte. I munden er vinen ikke tung men n\u00e6rmest \u00e6terisk med cremet fylde. Lys friskhed kombineret med dybe let s\u00f8dmefulde noter af sort frugt og flot balanceret syre og viser hvorfor la Morras terroir sammenlignes med Chambolle-Musigny i Bourgogne.<\/p>\n<p>Syren og frugten giver vinen en lang eftersmag, hvilket kendetegner en Barolo der vil kunne gemmes i \u00e5rtier under de rette forhold.<\/p>\n<p><strong>Anmeldelser:<\/strong><br \/>\nVinous.com: 93 Point<br \/>\nEkstra Bladet: 92 Point<br \/>\nDinVinGuide: 92 Point<\/p>\n","protected":false},"excerpt":{"rendered":"<table border=\"0\" width=\"100%\" cellspacing=\"1\" cellpadding=\"1\">\n<tbody>\n<tr>\n<td bgcolor=\"#BA933E\"><span style=\"color: #ffffff;\">Pris ved 6 stk.<b> 299,00 kr.<\/b><\/span><\/td>\n<\/tr>\n<\/tbody>\n<\/table>\n","protected":false},"featured_media":421,"template":"","meta":[],"product_brand":[],"product_cat":[17],"product_tag":[30,31],"class_list":{"0":"post-420","1":"product","2":"type-product","3":"status-publish","4":"has-post-thumbnail","6":"product_cat-roedvin","7":"product_tag-nebbiolo","8":"product_tag-pinot-noir","10":"first","11":"instock","12":"taxable","13":"shipping-taxable","14":"purchasable","15":"product-type-simple"},"tiered_pricing_type":"fixed","tiered_pricing_fixed_rules":{"6":299},"tiered_pricing_product_settings":{"layout":"default","base_unit_name":{"singular":null,"plural":null},"default_variation":null},"tiered_pricing_minimum_quantity":null,"tiered_pricing_roles_data":[],"tiered_pricing_percentage_rules":[],"_links":{"self":[{"href":"https:\/\/vielskervin.dk\/index.php?rest_route=\/wp\/v2\/product\/420","targetHints":{"allow":["GET"]}}],"collection":[{"href":"https:\/\/vielskervin.dk\/index.php?rest_route=\/wp\/v2\/product"}],"about":[{"href":"https:\/\/vielskervin.dk\/index.php?rest_route=\/wp\/v2\/types\/product"}],"wp:featuredmedia":[{"embeddable":true,"href":"https:\/\/vielskervin.dk\/index.php?rest_route=\/wp\/v2\/media\/421"}],"wp:attachment":[{"href":"https:\/\/vielskervin.dk\/index.php?rest_route=%2Fwp%2Fv2%2Fmedia&parent=420"}],"wp:term":[{"taxonomy":"product_brand","embeddable":true,"href":"https:\/\/vielskervin.dk\/index.php?rest_route=%2Fwp%2Fv2%2Fproduct_brand&post=420"},{"taxonomy":"product_cat","embeddable":true,"href":"https:\/\/vielskervin.dk\/index.php?rest_route=%2Fwp%2Fv2%2Fproduct_cat&post=420"},{"taxonomy":"product_tag","embeddable":true,"href":"https:\/\/vielskervin.dk\/index.php?rest_route=%2Fwp%2Fv2%2Fproduct_tag&post=420"}],"curies":[{"name":"wp","href":"https:\/\/api.w.org\/{rel}","templated":true}]}}